{"id":86,"date":"2015-06-18T20:15:35","date_gmt":"2015-06-18T18:15:35","guid":{"rendered":"http:\/\/pelimedia.de\/Tierservice\/?page_id=86"},"modified":"2015-09-29T19:41:01","modified_gmt":"2015-09-29T17:41:01","slug":"hundeerziehung","status":"publish","type":"page","link":"https:\/\/www.pelimedia.de\/Tierservice\/?page_id=86","title":{"rendered":"Hundeerziehung"},"content":{"rendered":"<p><a href=\"http:\/\/pelimedia.de\/Tierservice\/wp-content\/uploads\/2015\/06\/fotolia_7684356-2.jpg\" data-rel=\"lightbox-image-0\" data-rl_title=\"\" data-rl_caption=\"\" title=\"\"><img loading=\"lazy\" decoding=\"async\" class=\" size-medium wp-image-124 alignleft\" src=\"http:\/\/pelimedia.de\/Tierservice\/wp-content\/uploads\/2015\/06\/fotolia_7684356-2-300x200.jpg\" alt=\"fotolia_7684356-2\" width=\"300\" height=\"200\" srcset=\"https:\/\/www.pelimedia.de\/Tierservice\/wp-content\/uploads\/2015\/06\/fotolia_7684356-2-300x200.jpg 300w, https:\/\/www.pelimedia.de\/Tierservice\/wp-content\/uploads\/2015\/06\/fotolia_7684356-2-225x150.jpg 225w, https:\/\/www.pelimedia.de\/Tierservice\/wp-content\/uploads\/2015\/06\/fotolia_7684356-2-150x100.jpg 150w, https:\/\/www.pelimedia.de\/Tierservice\/wp-content\/uploads\/2015\/06\/fotolia_7684356-2.jpg 500w\" sizes=\"(max-width: 300px) 100vw, 300px\" \/><\/a>Aufgrund meiner t\u00e4glichen Arbeit in der Tierpension ist es mir leider nicht m\u00f6glich, Welpenkurse oder Erziehungskurse in Gruppen anzubieten.<br \/>\nGerne helfen ich Ihnen aber bei Problemen ihres Hundes im Einzeltraining. Hier habe ich die M\u00f6glichkeit, individuell auf\u00a0Ihre W\u00fcnsche\u00a0und die Pers\u00f6nlichkeit Ihres Hundes einzugehen. Im Einzeltraining wird anhand Ihren Beschreibungen und meiner Beobachtung ihres Hundes\u00a0ein exakt auf Sie und Ihren Hund zugeschnittener Trainingsplan f\u00fcr die erfolgreiche Hundeerziehung erstellt.<\/p>\n<p><strong>\u00a0Besonderer Hilfe bei &#8222;Problemhunden&#8220;<br \/>\n<\/strong>K\u00f6nnen Sie den Jagdtrieb ihres Hundes nicht kontrollieren? Zeigt ihr Hund Aggressionen gegen\u00fcber Menschen oder anderen Hunden? \u00a0Zieht Ihr Hund an der Leine? L\u00e4sst Ihr Hund keinen Besuch ins Haus oder versucht er, sie zu besch\u00fctzen, wenn Fremde zu Besuch sind? Ist Ihr Hund extrem \u00e4ngstlich? Aufgrund meiner langj\u00e4hrigen Erfahrung mit traumatisierten, \u00e4ngstlichen und aggressiven Hunden kann ich Ihnen hier meine Hilfe anbieten.<\/p>\n<p>Auf Wunsch kommen wir f\u00fcr das Einzeltraining zu Ihnen nach Hause und trainieren mit Ihnen und Ihrem Hund im allt\u00e4glichen Umfeld des Hundes.\u00a0Fragen Sie einfach nach.<\/p>\n<p><strong>Hundeerziehung, die mit \u00a0Gewalt und Druck arbeitet, lehnen wir grunds\u00e4tzlich ab!<\/strong><\/p>\n<p>&nbsp;<\/p>\n","protected":false},"excerpt":{"rendered":"<p>Aufgrund meiner t\u00e4glichen Arbeit in der Tierpension ist es mir leider nicht m\u00f6glich, Welpenkurse oder Erziehungskurse in Gruppen anzubieten. Gerne helfen ich Ihnen aber bei Problemen ihres Hundes im Einzeltraining. Hier habe ich die M\u00f6glichkeit, individuell auf\u00a0Ihre W\u00fcnsche\u00a0und die Pers\u00f6nlichkeit Ihres Hundes einzugehen. Im Einzeltraining wird anhand Ihren Beschreibungen und \u2026<\/p>\n<p class=\"continue-reading-button\"> <a class=\"continue-reading-link\" href=\"https:\/\/www.pelimedia.de\/Tierservice\/?page_id=86\">Mehr lesen&#8230;<i class=\"crycon-right-dir\"><\/i><\/a><\/p>\n","protected":false},"author":7,"featured_media":0,"parent":11,"menu_order":0,"comment_status":"closed","ping_status":"closed","template":"","meta":{"footnotes":""},"class_list":["post-86","page","type-page","status-publish","hentry"],"_links":{"self":[{"href":"https:\/\/www.pelimedia.de\/Tierservice\/index.php?rest_route=\/wp\/v2\/pages\/86"}],"collection":[{"href":"https:\/\/www.pelimedia.de\/Tierservice\/index.php?rest_route=\/wp\/v2\/pages"}],"about":[{"href":"https:\/\/www.pelimedia.de\/Tierservice\/index.php?rest_route=\/wp\/v2\/types\/page"}],"author":[{"embeddable":true,"href":"https:\/\/www.pelimedia.de\/Tierservice\/index.php?rest_route=\/wp\/v2\/users\/7"}],"replies":[{"embeddable":true,"href":"https:\/\/www.pelimedia.de\/Tierservice\/index.php?rest_route=%2Fwp%2Fv2%2Fcomments&post=86"}],"version-history":[{"count":7,"href":"https:\/\/www.pelimedia.de\/Tierservice\/index.php?rest_route=\/wp\/v2\/pages\/86\/revisions"}],"predecessor-version":[{"id":181,"href":"https:\/\/www.pelimedia.de\/Tierservice\/index.php?rest_route=\/wp\/v2\/pages\/86\/revisions\/181"}],"up":[{"embeddable":true,"href":"https:\/\/www.pelimedia.de\/Tierservice\/index.php?rest_route=\/wp\/v2\/pages\/11"}],"wp:attachment":[{"href":"https:\/\/www.pelimedia.de\/Tierservice\/index.php?rest_route=%2Fwp%2Fv2%2Fmedia&parent=86"}],"curies":[{"name":"wp","href":"https:\/\/api.w.org\/{rel}","templated":true}]}}